 - 2). Suppose 0 = -3*o + 5 + a. What is the units digit of o?
4
Let h(d) = 12*d**3 + 2*d**2 + 5*d - 5. Let a be h(2). Let n = 5 - 0. Suppose -n*m + a = -51. What is the units digit of m?
2
Suppose -3*k + 8*a - 10*a + 4484 = 0, 5*a = 5. What is the hundreds digit of k?
4
Suppose -t - 2*j + 8 = 0, t = -2*t + 4*j + 4. Suppose -5*u - b = -454, -t*b - 141 = 3*u - 427. What is the units digit of u?
0
Let c(j) = 11*j + 28. Let m be c(5). Let z = m - 17. What is the units digit of z?
6
Let u be 54/13 + 14/(-91). Suppose u*w = 122 + 118. What is the tens digit of w?
6
Let r(k) be the second derivative of -7*k**3/3 + k**2/2 - 9*k. Let j be r(1). Let v = 23 + j. What is the units digit of v?
0
Suppose 3*v + 5*m - 681 = 0, 0 = -4*v + m + m + 908. What is the units digit of v?
7
Let p be 5 + 1*(3 + 0). Let a = 9 - p. Let w(t) = 29*t - 1. What is the tens digit of w(a)?
2
Suppose -5*a + 3*a + 2182 = 4*x, -2*x - 3*a + 1081 = 0. What is the hundreds digit of x?
5
Let f(z) = z**3 - z**2 - 19*z - 28. What is the tens digit of f(9)?
4
Let r be 52 + (11 - -4)/5. Suppose -4*n - 117 = 3*x - 328, -3*x + r = n. Suppose 7*b = 6*b + n. What is the tens digit of b?
5
Let w(r) = -r**3 + 2*r**2 + 7. Let n be w(-5). Let b = -32 + n. What is the hundreds digit of b?
1
Suppose 4*f + 248 = 5*f. Suppose f = 3*v - 43. What is the units digit of v?
7
Let v be 8*(-52)/(-72) + 4/18. Suppose 4*o - o + v = 0, -4*x - 5*o + 766 = 0. What is the tens digit of x?
9
Suppose 2*b - 10 = 0, -5*b - 228 + 61 = -3*j. Let w = 28 + -60. Let o = w + j. What is the units digit of o?
2
Let m be (-1)/3 - (-10)/(-6). What is the tens digit of -3 + -2 + (-170)/m?
8
Let b be (-5 + 198)*2/1. Suppose -p - b = -74. What is the tens digit of p/(-12) - (-2)/2?
2
What is the hundreds digit of ((-319)/22)/((-2 - -4)/(-68))?
4
Let t be 0 + 3 + 2 + 2. Let l = t + 27. What is the tens digit of l?
3
What is the units digit of (2949/6)/((-18)/(-36))?
3
Suppose -x + 54 = -3*n, -2*n + 154 = 3*x - 3*n. What is the tens digit of x/(-6)*-14 - -3?
2
Let u(q) be the second derivative of -q**5/20 - 5*q**4/4 + q**3 - 19*q**2/2 - 32*q. What is the hundreds digit of u(-16)?
1
Suppose 0 = 5*m + m - 24. Suppose -38 + 418 = m*a + 4*s, -4*a = 3*s - 378. What is the tens digit of a?
9
Let x(l) = 6*l**3 - 7 + 7*l**2 - 5*l**3 - 10*l + 0. What is the tens digit of x(-7)?
6
Suppose 0 = 4*m - 16. What is the hundreds digit of (-471)/(-9)*3 + 0/m?
1
What is the hundreds digit of 1 - ((-7 - -4) + (-425 - 1))?
4
Let k = 213 + -186. What is the tens digit of k?
2
Suppose -4 = -2*a - 3*c, 4*a + 3*c = -c + 8. Suppose 2*t - 10 = -3*t. Suppose -16 = 4*d, a*j - t*d - 30 - 16 = 0. What is the tens digit of j?
1
Suppose 124 = -d - 3*d. Suppose -30 - 20 = -n. Let b = d + n. What is the units digit of b?
9
Suppose 4*j - 7*n + 17 = -2*n, -3*j = -5*n + 19. Let y be j/3 + 21/9. Suppose 5*q + s = 117, -4*q - y*s + 54 = -44. What is the units digit of q?
3
Let f(p) = -p**2 + p + 4. Let q be f(0). Suppose -2*x - 50 = 4*z, 50 = -3*z + q*x - 3*x. What is the units digit of (-6)/z - 15/(-25)?
1
Suppose 0 = -5*m + 7*m - 6. Suppose 3*r - 4*f = f + 144, 96 = 2*r + m*f. What is the tens digit of r?
4
Let h be (3 + (-12)/3)*3. Let g be 1/h + 280/30. What is the units digit of (-986)/(-18) - (-2)/g?
5
Let b(x) = -x**3 - x**2 - 28*x - 145. What is the tens digit of b(-9)?
5
Let d be (1/(-3))/((-2)/24). Suppose -r = 4*q - 2, d*r + q - 3*q = 8. Suppose r*k - k = 1. What is the units digit of k?
1
Let m be ((-6)/(-4))/((-5)/(-30)). Suppose 2*g + 98 = 2*x - 4, 3*g - m = 0. Suppose -3 - x = -3*d. What is the units digit of d?
9
Let n be (-8)/(-3)*21/14. Suppose -2*r - 199 = -n*g + 35, r = -5. What is the units digit of g?
6
What is the tens digit of (-22)/(-4) + -5 - (-17800)/16?
1
Let t(k) = 2*k + 37. Let y be t(-17). Suppose y*s - 74 - 190 = 0. What is the tens digit of s?
8
Let m = -27 - -14. Let i = -1 - m. Suppose 0 = -4*z + 60 + i. What is the units digit of z?
8
Let b = 56 - 56. Suppose -4*w + b*w + 500 = -3*r, w - 142 = 5*r. What is the hundreds digit of w?
1
What is the units digit of (3 + -24)*564/(-18)?
8
Suppose 0 = -24*z + 13*z + 48686. What is the tens digit of z?
2
Suppose 0 = -6*w + 2*w + 140. Suppose 3*z = -3*t + 33, 2*t = 5*z + 3*t - w. Suppose -49 = z*i - 391. What is the tens digit of i?
5
Let l(q) be the third derivative of q**5/60 - q**4/24 - q**3/3 - q**2. Let i(r) = -r - 7. Let b be i(-5). What is the units digit of l(b)?
4
Let t(y) = 19*y - 19. Let v(j) = -37*j + 38. Let u(g) = 7*t(g) + 4*v(g). What is the tens digit of u(-4)?
7
Let y = 132 + -128. Suppose -3*t + y*t = 2, -2*u = -t - 506. What is the hundreds digit of u?
2
What is the tens digit of 187 - (-5 + (-56)/(-7))?
8
Suppose 2*s - 2322 = -0*p + p, 0 = -s - 5*p + 1172. What is the tens digit of s?
6
What is the tens digit of (-2 - 80/(-24))*96?
2
What is the hundreds digit of (-184 + 7 - -2)/((-1)/4)?
7
Let b(c) be the second derivative of -c**3/6 - 2*c**2 - 9*c. Suppose m - 2*m - 9 = 0. What is the units digit of b(m)?
5
Let c = 478 + -39. Suppose -4*m = -c - 33. What is the tens digit of m?
1
Let s(l) be the third derivative of 0 - 1/8*l**4 + 1/2*l**3 + 0*l + 6*l**2 + 1/60*l**5. What is the units digit of s(4)?
7
Suppose -2*q = -3*i - 310, 2*i - 4*q = -q - 215. Let w = -15 - i. What is the tens digit of w?
8
Let v(b) = -b**3 - 4*b**2 - 8*b - 8. Let i be 1/(-7) + 606/(-21). Let h = i + 25. What is the units digit of v(h)?
4
Let q = -4060 + 6319. What is the units digit of q?
9
Let w(g) = 5*g**3 - 2*g**2 - 20*g + 45. What is the hundreds digit of w(6)?
9
Let a(s) = 3*s**2 + 13*s - 6. Let b(j) = 5*j + 2*j**2 + 2*j**2 - 5 + 8*j. Let y(f) = 5*a(f) - 4*b(f). What is the tens digit of y(9)?
2
Let p(l) = -14*l - 4 - 8 + 10*l**2 - l**3 + 11*l. Let m be p(9). Suppose 0 = 5*q - 48 - m. What is the units digit of q?
8
Let p = 77 - 82. Let w(k) = -3*k**3 - 12*k**2 - 5*k - 11. What is the units digit of w(p)?
9
Let f be 1/(((-4)/3)/4). Let h be f/(-12) - 150/24. What is the units digit of (7 + h)/((-1)/(-10))?
0
Suppose 4*g = -0*r + r + 5, -4*r = 4*g. What is the tens digit of (-12 - -14) + 56 + r?
5
Let c = 300 - 206. Suppose 50 = k - 2*w, 4*w - c = -3*k + 6. What is the units digit of k?
0
Suppose -6*j + 12*j = 0. Suppose 4*n - 6*p + 4*p - 282 = j, -n + 53 = -4*p. What is the units digit of n?
3
Let l(a) = -10*a + 28. Let b be l(3). What is the tens digit of b*93*((-40)/(-15) - 3)?
6
Suppose -4*j + 2*z + 2*z = 0, -4*j - 2 = -5*z. Suppose 4*d = -v + 172, -j*d + 6*d = 20. What is the hundreds digit of v?
1
Let z = -32 + 18. Let h = 20 + z. What is the units digit of (-30)/(h/(-2)) + 1?
1
Let y = 149 + -147. Suppose -13*i + y*i + 2277 = 0. What is the units digit of i?
7
Let b(i) = i**3 + 7*i**2 + 7*i + 3. Let w be b(-7). Let u = w + 82. Suppose 4*r - u = -0*r. What is the units digit of r?
9
Suppose 10*a - 5*d + 155 = 5*a, -3*a + 4*d = 91. What is the units digit of 3/6 + a/(-6)?
6
Let n(b) = 321*b - 226. What is the units digit of n(6)?
0
Let s = -8 - -4. Let k be (1 - -23)*2/(-4). Let h = s - k. What is the units digit of h?
8
What is the hundreds digit of 12 - 49/7 - (-2 - 1665)?
6
Let s(u) = -1239*u + 86. What is the thousands digit of s(-2)?
2
Suppose -2173 = 7*p - 12806. What is the units digit of p?
9
Suppose 0 = 8*u - 7*u - 5*f - 235, 0 = f + 4. What is the units digit of u?
5
Suppose -s - 2*s - 2*f = -668, -3*s = -5*f - 703. What is the units digit of s?
6
Let o(w) = -3*w + 8. Let c be o(-8). Suppose -5*b = -3*g - 56, 2*b - g - c = -b. Let f = b + 19. What is the tens digit of f?
2
Let o = 1150 + 816. What is the tens digit of o?
6
Let w = 1276 - 485. What is the units digit of w?
1
Let i(l) = -5*l**3 + 3*l**2 + 5*l + 6. Let y be i(4). Let a = -115 - y. What is the hundreds digit of a?
1
Suppose 3*z - 1610 - 1312 = 0. What is the units digit of z?
4
Suppose -4 = -m + 5. Suppose 0 = -m*y + 3*y + 654. What is the hundreds digit of y?
1
Let y = -65 - -116. Suppose -g + y = -167. What is the tens digit of g?
1
Let b = -1068 - -1527. What is the hundreds digit of b?
4
Suppose -3*s + 21 - 9 = 0. Suppose 4*m - 3*m - 4*w + 74 = 0, s*m + 3*w + 277 = 0. Let v = 100 + m. What is the units digit of v?
0
Let u(q) = -181*q - 49. What is the tens digit of u(-2)?
1
What is the tens digit of (-6)/(-7